d 11137?
37
Calculate the greatest common divisor of 8642 and 7870426.
58
Calculate the greatest common divisor of 480065 and 445.
5
Calculate the greatest common factor of 5436 and 576294822.
2718
Calculate the highest common factor of 3168710 and 386630.
230
What is the greatest common factor of 1155 and 1193185?
35
What is the highest common factor of 9164091 and 1464?
183
What is the greatest common factor of 1764976984 and 214?
214
What is the highest common factor of 69 and 1003124967?
69
What is the highest common factor of 226 and 9615396?
226
What is the highest common divisor of 16631552 and 7168?
1792
What is the greatest common factor of 264 and 482123004?
132
Calculate the greatest common factor of 350 and 72790375.
175
What is the greatest common divisor of 18045585 and 172125?
6885
Calculate the highest common factor of 66610034 and 6446.
586
What is the greatest common divisor of 32694281 and 9628?
2407
Calculate the highest common divisor of 123 and 2017036.
41
Calculate the highest common factor of 154265 and 785.
5
Calculate the greatest common factor of 993015 and 36.
9
Calculate the greatest common divisor of 16996640 and 2880.
160
What is the highest common divisor of 582 and 18391782?
582
What is the greatest common factor of 1250527640 and 6040?
6040
Calculate the greatest common divisor of 1673 and 34321.
7
What is the greatest common divisor of 4262883 and 447978?
591
What is the greatest common factor of 401171913 and 2545?
509
What is the greatest common divisor of 202891416 and 4641?
273
Calculate the highest common divisor of 810 and 1576716.
6
What is the greatest common divisor of 228 and 190515147?
57
Calculate the greatest common divisor of 18486232 and 6680.
1336
Calculate the highest common factor of 88 and 376871.
11
Calculate the greatest common factor of 166 and 15412934.
166
Calculate the greatest common factor of 101930745 and 15540.
3885
Calculate the greatest common divisor of 1385 and 247993945.
1385
Calculate the greatest common factor of 432 and 1967664.
48
What is the highest common divisor of 80 and 122519300?
20
Calculate the greatest common divisor of 354 and 13212814.
118
Calculate the highest common factor of 470 and 165693565.
235
What is the greatest common factor of 6279520 and 1560?
520
Calculate the greatest common factor of 230 and 222880.
10
Calculate the greatest common divisor of 1332 and 8695629.
333
Calculate the greatest common divisor of 1344 and 3525424.
112
What is the highest common divisor of 3960 and 3747810?
330
What is the highest common divisor of 143 and 4985233?
11
What is the highest common divisor of 30251058 and 374?
34
Calculate the greatest common factor of 257543523 and 663.
51
What is the highest common factor of 10879 and 764497?
989
What is the highest common factor of 8703 and 172764?
9
Calculate the highest common divisor of 24 and 1081555896.
24
What is the highest common factor of 4758 and 64290?
6
What is the greatest common factor of 1532953 and 1903?
173
What is the greatest common factor of 1970 and 16595?
5
Calculate the greatest common factor of 306 and 32117760.
306
What is the highest common factor of 54856387 and 431?
431
Calculate the greatest common factor of 289 and 108639911.
17
Calculate the greatest common factor of 12524347 and 2143031.
10769
What is the greatest common divisor of 10070 and 27089250?
190
Calculate the greatest common factor of 15 and 4615305.
15
Calculate the highest common divisor of 189686 and 69949502.
11158
What is the highest common factor of 122142570 and 165?
165
What is the highest common divisor of 3126312 and 1350?
18
What is the greatest common divisor of 76779 and 214716739?
8531
Calculate the highest common factor of 3038 and 3412850.
98
Calculate the highest common factor of 10613923 and 767.
59
Calculate the highest common factor of 1624 and 20238984.
232
Calculate the greatest common factor of 520411400 and 600.
200
What is the greatest common factor of 243 and 2763099?
27
Calculate the highest common divisor of 1361204 and 2080.
52
What is the greatest common factor of 34838910 and 12960?
810
Calculate the greatest common divisor of 14 and 53285099.
7
Calculate the highest common divisor of 2855 and 794115395.
2855
Calculate the greatest common divisor of 27 and 941261823.
27
What is the greatest common factor of 3925 and 274279?
157
What is the highest common factor of 299131 and 661654?
1981
What is the greatest common divisor of 29597 and 356779?
17
Calculate the greatest common divisor of 345 and 1250786.
23
What is the greatest common factor of 7497 and 580176?
153
What is the greatest common divisor of 13518280 and 40?
40
What is the highest common divisor of 814 and 26491186?
74
Calculate the greatest common factor of 1530 and 10973925.
765
What is the highest common factor of 13801 and 4957543?
373
Calculate the highest common divisor of 119821353 and 1733.
1733
Calculate the greatest common factor of 13 and 78051103.
13
Calculate the greatest common divisor of 300176 and 915691.
257
What is the highest common divisor of 380825272 and 48?
8
What is the greatest common divisor of 582078 and 747?
3
What is the greatest common factor of 4399086 and 804?
402
Calculate the greatest common factor of 1261 and 83005.
13
Calculate the greatest common factor of 10622526 and 232.
58
What is the highest common divisor of 72546 and 698496?
642
What is the highest common divisor of 1955 and 2400395?
115
What is the highest common divisor of 2171711633 and 962?
481
Calculate the greatest common factor of 16875 and 53595.
135
What is the highest common divisor of 5512022 and 98?
2
Calculate the highest common divisor of 20856486 and 15162.
42
Calculate the greatest common factor of 760020 and 11950.
2390
What is the highest common divisor of 418114 and 31046?
38
What is the highest common factor of 20429052 and 168?
84
What is the greatest common divisor of 288 and 309328?
16
Calculate the highest common divisor of 20977930 and 1325.
265
What is the highest common divisor of 203 and 8010583?
203
Calculate the highest common factor of 58 and 10716022.
58
What is the highest common factor of 1771 and 6159923?
77
Calculate the greatest common divisor of 6438 and 888618.
174
What is the highest common factor of 6135233 and 175136?
5473
Calculate the greatest common divisor of 4917 and 21383139.
447
What is the highest common divisor of 8322872 and 11086?
46
What is the greatest common divisor of 4043840 and 26176?
64
Calculate the highest common divisor of 212297373 and 18.
9
What is the greatest common factor of 155067 and 7003161?
4191
What is the highest common divisor of 1016953424 and 1108?
1108
What is the greatest common factor of 816 and 11956644?
204
What is the highest common factor of 21096 and 260317608?
7032
What is the highest common divisor of 165 and 87987185?
55
Calculate the greatest common factor of 2364450 and 8300.
50
Calculate the greatest common factor of 51363 and 3480399.
117
Calculate the greatest common divisor of 57280 and 731200.
320
What is the greatest common divisor of 1254400 and 4000?
800
Calculate the greatest common divisor of 720 and 329408.
16
What is the greatest common factor of 231 and 154968891?
231
Calculate the greatest common factor of 19 and 3565027.
19
Calculate the highest common factor of 404542 and 8.
2
Calculate the highest common divisor of 26811 and 3023973.
81
What is the highest common divisor of 19662 and 665985?
87
What is the greatest common factor of 28053960 and 60?
60
Calculate the highest common divisor of 63 and 120269709.
63
What is the greatest common factor of 33192 and 18240?
24
Calculate the highest common factor of 4982809 and 1885.
377
Calculate the greatest common factor of 119055605 and 1505.
215
What is the greatest common divisor of 44709 and 1344?
21
Calculate the greatest common divisor of 2482 and 34360954.
146
What is the highest common factor of 14190 and 26681930?
4730
What is the greatest common factor of 1675406 and 41?
1
Calculate the highest common factor of 1708 and 16118396.
1708
Calculate the highest common factor of 2393 and 3832.
1
What is the greatest common divisor of 33491 and 49862?
107
Calculate the highest common divisor 